{"id":1110,"date":"2018-11-16T11:45:48","date_gmt":"2018-11-16T11:45:48","guid":{"rendered":"https:\/\/the7.io\/g-business\/?page_id=1110"},"modified":"2021-03-13T19:08:39","modified_gmt":"2021-03-13T18:08:39","slug":"las-stik","status":"publish","type":"page","link":"https:\/\/www.las-stik.si\/programsko-obdobje-2014-2020\/las-stik\/","title":{"rendered":"LAS STIK"},"content":{"rendered":"<div class=\"wpb-content-wrapper\"><p>[vc_row css=&#8221;.vc_custom_1560793098479{padding-bottom: 50px !important;}&#8221;][vc_column]<div id=\"ultimate-heading-38469f39a4f256b6\" class=\"uvc-heading ult-adjust-bottom-margin ultimate-heading-38469f39a4f256b6 uvc-3235  uvc-heading-default-font-sizes\" data-hspacer=\"no_spacer\"  data-halign=\"center\" style=\"text-align:center\"><div class=\"uvc-heading-spacer no_spacer\" style=\"top\"><\/div><div class=\"uvc-main-heading ult-responsive\"  data-ultimate-target='.uvc-heading.ultimate-heading-38469f39a4f256b6 h2'  data-responsive-json-new='{\"font-size\":\"\",\"line-height\":\"\"}' ><h2 style=\"font-weight:bold;margin-bottom:10px;\">Obmo\u010dje delovanja LAS STIK<\/h2><\/div><div class=\"uvc-sub-heading ult-responsive\"  data-ultimate-target='.uvc-heading.ultimate-heading-38469f39a4f256b6 .uvc-sub-heading '  data-responsive-json-new='{\"font-size\":\"desktop:24px;\",\"line-height\":\"desktop:34px;\"}'  style=\"font-weight:bold;color:#93c248;\">&#8221;Ob\u010dine LAS STIK se nahajajo na obmo\u010dju Suhe krajine in Temeni\u0161ke doline, ki ju povezuje pore\u010dje reke Krke. Obsega zaklju\u010deno obmo\u010dje, ki ga povezujejo podobne zgodovinske izku\u0161nje, geografske zna\u010dilnosti, kultura in identiteta. Ime lokalne akcijske skupine je akronim, sestavljen iz za\u010detnic omenjenih geografskih enot.&#8221;<\/p>\n<p>&nbsp;<\/div><\/div>[vc_column_text]<\/p>\n<div class=\"vc_row wpb_row vc_row-fluid vc_custom_1560787254950\">\n<div class=\"wpb_column vc_column_container vc_col-sm-6\">\n<div class=\"vc_column-inner\">\n<div class=\"wpb_wrapper\">\n<div class=\"wpb_text_column wpb_content_element vc_custom_1615573574858\">\n<div class=\"wpb_wrapper\">\n<blockquote>\n<p>Lokalno akcijska skupina Suhe krajine, Temenice in Krke zavzema obmo\u010dje \u0161tirih ob\u010din:<\/p>\n<\/blockquote>\n<ul class=\"pi-bullets-square pi-bullets\">\n<li><strong><a href=\"http:\/\/www.trebnje.si\/\" target=\"_blank\" rel=\"noopener\">Trebnje<\/a><\/strong><\/li>\n<li><strong><a href=\"http:\/\/www.ivancna-gorica.si\/\" target=\"_blank\" rel=\"noopener\">Ivan\u010dna Gorica<\/a><\/strong><\/li>\n<li><strong><a href=\"http:\/\/www.dolenjske-toplice.si\/\" target=\"_blank\" rel=\"noopener\">Dolenjske Toplice<\/a><\/strong><\/li>\n<li><strong><a href=\"http:\/\/www.zuzemberk.si\/\" target=\"_blank\" rel=\"noopener\">\u017du\u017eemberk<\/a><\/strong><\/li>\n<\/ul>\n<\/div>\n<\/div>\n<\/div>\n<\/div>\n<\/div>\n<div class=\"wpb_column vc_column_container vc_col-sm-6\">\n<div class=\"vc_column-inner\">\n<div class=\"wpb_wrapper\">\n<div class=\"standard-number-list bullet-top\">\n<blockquote>\n<p>Ob\u010dine \u0161tejejo skupaj\u00a0<strong>350 naselij<\/strong><\/p>\n<\/blockquote>\n<blockquote>\n<p>pokrivajo\u00a0<strong>664,8\u00a0km<sup>2<\/sup>\u00a0povr\u0161ine<\/strong><\/p>\n<\/blockquote>\n<blockquote>\n<p>na tem obmo\u010dju \u017eivelo\u00a0<strong>36.096 prebivalcev<br \/>\n<\/strong>(po podatkih statisti\u010dnega urada je na dan 1. 7. 2014)<\/p>\n<\/blockquote>\n<\/div>\n<\/div>\n<\/div>\n<\/div>\n<\/div>\n<p>[\/vc_column_text][\/vc_column][\/vc_row][vc_row bg_type=&#8221;image&#8221; parallax_style=&#8221;vcpb-vz-jquery&#8221; bg_image_new=&#8221;id^2094|url^https:\/\/www.las-stik.si\/programsko-obdobje-2014-2020\/wp-content\/uploads\/2021\/03\/trebnje-1.jpg|caption^null|alt^null|title^trebnje|description^null&#8221; bg_override=&#8221;ex-full&#8221; fadeout_row=&#8221;fadeout_row_value&#8221; fadeout_start_effect=&#8221;30&#8243; enable_overlay=&#8221;enable_overlay_value&#8221; overlay_color=&#8221;rgba(38,45,55,0.5)&#8221; seperator_enable=&#8221;seperator_enable_value&#8221; seperator_type=&#8221;tilt_left_seperator&#8221; seperator_position=&#8221;top_bottom_seperator&#8221; seperator_svg_height=&#8221;100&#8243;][vc_column css=&#8221;.vc_custom_1560418610056{padding-top: 150px !important;padding-bottom: 150px !important;}&#8221; offset=&#8221;vc_col-lg-offset-2 vc_col-lg-8&#8243;]<div id=\"ultimate-heading-569f39a4f256f5\" class=\"uvc-heading ult-adjust-bottom-margin ultimate-heading-569f39a4f256f5 uvc-9959 accent-subtitle-color uvc-heading-default-font-sizes\" data-hspacer=\"no_spacer\"  data-halign=\"center\" style=\"text-align:center\"><div class=\"uvc-heading-spacer no_spacer\" style=\"top\"><\/div><div class=\"uvc-main-heading ult-responsive\"  data-ultimate-target='.uvc-heading.ultimate-heading-569f39a4f256f5 h3'  data-responsive-json-new='{\"font-size\":\"\",\"line-height\":\"\"}' ><h3 style=\"font-weight:bold;color:#ffffff;margin-bottom:15px;\">Ob\u010dine LAS STIK se nahajajo na obmo\u010dju Suhe krajine in Temeni\u0161ke doline, ki ju povezuje pore\u010dje reke Krke<\/h3><\/div><\/div>[\/vc_column][\/vc_row][vc_row css=&#8221;.vc_custom_1560792780987{padding-top: 50px !important;padding-bottom: 20px !important;}&#8221;][vc_column width=&#8221;1\/2&#8243; css=&#8221;.vc_custom_1560787609636{padding-bottom: 45px !important;}&#8221;][vc_column_text css=&#8221;.vc_custom_1615573867391{padding-bottom: 10px !important;}&#8221;]<\/p>\n<h2 class=\"pi-has-bg pi-weight-700 pi-uppercase pi-letter-spacing pi-margin-bottom-15\">OSEBNA IZKAZNICA<\/h2>\n<p><strong>NAZIV LAS:<\/strong>\u00a0Lokalna akcijska skupina Suhe krajine, Temenice in Krke<\/p>\n<p><strong>NASLOV LAS:<\/strong>\u00a0Kidri\u010deva ulica 2, 8210 Trebnje<\/p>\n<p><strong>PREDSEDNIK LAS:<\/strong>\u00a0Vlado Kostevc<\/p>\n<p><strong>VODILNI PARTNER LAS:<\/strong><br \/>\nNaloge vodilnega partnerja za LAS STIK opravlja Center za izobra\u017eevanje in kulturo Trebnje. Slednji za LAS STIK organizira in opravlja vse administrativno-tehni\u010dne ter finan\u010dne naloge, hkrati pa nima pravice odlo\u010danja o nobenem podro\u010dju dela LAS.<\/p>\n<p><strong>Center za izobra\u017eevanje in kulturo Trebnje<\/strong><br \/>\n<strong>Kidri\u010deva ulica 2<\/strong><br \/>\n<strong>8210 Trebnje<\/strong><\/p>\n<p><strong>Odgovorna oseba:<\/strong><br \/>\nPatricija Pavli\u010d, direktorica CIK Trebnje<\/p>\n<p>&nbsp;[\/vc_column_text][\/vc_column][vc_column width=&#8221;1\/2&#8243;][vc_column_text]<strong>IDENTIFIKACIJSKI PODATKI<\/strong><br \/>\n<strong>T:<\/strong>\u00a007 34 82 100<br \/>\n<strong>E:<\/strong>\u00a0las-stik@ciktrebnje.si<br \/>\n<a href=\"https:\/\/www.las-stik.si\/programsko-obdobje-2014-2020\/\">www.las-stik.si<\/a><\/p>\n<p><strong>Mati\u010dna \u0161tevilka:<\/strong>\u00a05102332000<br \/>\n<strong>Dav\u010dna \u0161tevilka:<\/strong>\u00a032185782<br \/>\n<strong>Transakcijski ra\u010dun:<\/strong>\u00a0IBAN SI56 01330-6000000587<\/p>\n<p><strong>VKLU\u010cENE OB\u010cINE:<br \/>\n<\/strong><\/p>\n<ul class=\"pi-bullets-square pi-bullets\">\n<li><strong><a href=\"http:\/\/www.ivancna-gorica.si\/\" target=\"_blank\" rel=\"noopener\">Ob\u010dina Ivan\u010dna Gorica<\/a><\/strong><\/li>\n<li><strong><a href=\"http:\/\/www.dolenjske-toplice.si\/\" target=\"_blank\" rel=\"noopener\">Ob\u010dina Dolenjske Toplice<\/a><\/strong><\/li>\n<li><strong><a href=\"http:\/\/www.trebnje.si\/\" target=\"_blank\" rel=\"noopener\">Ob\u010dina Trebnje<\/a><\/strong><\/li>\n<li><strong><a href=\"http:\/\/www.zuzemberk.si\/\" target=\"_blank\" rel=\"noopener\">Ob\u010dina \u017du\u017eemberk<\/a><\/strong><\/li>\n<\/ul>\n<p><strong>PODATKI O USTANOVITVI:<\/strong><br \/>\nDne 22. 7. 2015 je bila na ustanovni skup\u0161\u010dini LAS STIK podpisana Pogodba o ustanovitvi in delovanju LAS STIK.[\/vc_column_text][\/vc_column][\/vc_row]<\/p>\n<\/div>","protected":false},"excerpt":{"rendered":"<p>[vc_row css=&#8221;.vc_custom_1560793098479{padding-bottom: 50px !important;}&#8221;][vc_column][vc_column_text] Lokalno akcijska skupina Suhe krajine, Temenice in Krke zavzema obmo\u010dje \u0161tirih ob\u010din: Trebnje Ivan\u010dna Gorica Dolenjske Toplice \u017du\u017eemberk Ob\u010dine \u0161tejejo skupaj\u00a0350 naselij pokrivajo\u00a0664,8\u00a0km2\u00a0povr\u0161ine na tem obmo\u010dju \u017eivelo\u00a036.096 prebivalcev (po podatkih statisti\u010dnega urada je na dan 1. 7. 2014) [\/vc_column_text][\/vc_column][\/vc_row][vc_row bg_type=&#8221;image&#8221; parallax_style=&#8221;vcpb-vz-jquery&#8221; bg_image_new=&#8221;id^2094|url^https:\/\/www.las-stik.si\/programsko-obdobje-2014-2020\/wp-content\/uploads\/2021\/03\/trebnje-1.jpg|caption^null|alt^null|title^trebnje|description^null&#8221; bg_override=&#8221;ex-full&#8221; fadeout_row=&#8221;fadeout_row_value&#8221; fadeout_start_effect=&#8221;30&#8243; enable_overlay=&#8221;enable_overlay_value&#8221; overlay_color=&#8221;rgba(38,45,55,0.5)&#8221; seperator_enable=&#8221;seperator_enable_value&#8221; seperator_type=&#8221;tilt_left_seperator&#8221; seperator_position=&#8221;top_bottom_seperator&#8221; seperator_svg_height=&#8221;100&#8243;][vc_column&hellip;<\/p>\n","protected":false},"author":1,"featured_media":0,"parent":0,"menu_order":10,"comment_status":"closed","ping_status":"closed","template":"","meta":{"footnotes":""},"_links":{"self":[{"href":"https:\/\/www.las-stik.si\/programsko-obdobje-2014-2020\/wp-json\/wp\/v2\/pages\/1110"}],"collection":[{"href":"https:\/\/www.las-stik.si\/programsko-obdobje-2014-2020\/wp-json\/wp\/v2\/pages"}],"about":[{"href":"https:\/\/www.las-stik.si\/programsko-obdobje-2014-2020\/wp-json\/wp\/v2\/types\/page"}],"author":[{"embeddable":true,"href":"https:\/\/www.las-stik.si\/programsko-obdobje-2014-2020\/wp-json\/wp\/v2\/users\/1"}],"replies":[{"embeddable":true,"href":"https:\/\/www.las-stik.si\/programsko-obdobje-2014-2020\/wp-json\/wp\/v2\/comments?post=1110"}],"version-history":[{"count":0,"href":"https:\/\/www.las-stik.si\/programsko-obdobje-2014-2020\/wp-json\/wp\/v2\/pages\/1110\/revisions"}],"wp:attachment":[{"href":"https:\/\/www.las-stik.si\/programsko-obdobje-2014-2020\/wp-json\/wp\/v2\/media?parent=1110"}],"curies":[{"name":"wp","href":"https:\/\/api.w.org\/{rel}","templated":true}]}}

<div class="wpb-content-wrapper"><p>[vc_row css=&#8221;.vc_custom_1560793098479{padding-bottom: 50px !important;}&#8221;][vc_column]<div id="ultimate-heading-38469f39a4f256b6" class="uvc-heading ult-adjust-bottom-margin ultimate-heading-38469f39a4f256b6 uvc-3235  uvc-heading-default-font-sizes" data-hspacer="no_spacer"  data-halign="center" style="text-align:center"><div class="uvc-heading-spacer no_spacer" style="top"></div><div class="uvc-main-heading ult-responsive"  data-ultimate-target='.uvc-heading.ultimate-heading-38469f39a4f256b6 h2'  data-responsive-json-new='{"font-size":"","line-height":""}' ><h2 style="font-weight:bold;margin-bottom:10px;">Območje delovanja LAS STIK</h2></div><div class="uvc-sub-heading ult-responsive"  data-ultimate-target='.uvc-heading.ultimate-heading-38469f39a4f256b6 .uvc-sub-heading '  data-responsive-json-new='{"font-size":"desktop:24px;","line-height":"desktop:34px;"}'  style="font-weight:bold;color:#93c248;">&#8221;Občine LAS STIK se nahajajo na območju Suhe krajine in Temeniške doline, ki ju povezuje porečje reke Krke. Obsega zaključeno območje, ki ga povezujejo podobne zgodovinske izkušnje, geografske značilnosti, kultura in identiteta. Ime lokalne akcijske skupine je akronim, sestavljen iz začetnic omenjenih geografskih enot.&#8221;</p>
<p>&nbsp;</div></div>[vc_column_text]</p>
<div class="vc_row wpb_row vc_row-fluid vc_custom_1560787254950">
<div class="wpb_column vc_column_container vc_col-sm-6">
<div class="vc_column-inner">
<div class="wpb_wrapper">
<div class="wpb_text_column wpb_content_element vc_custom_1615573574858">
<div class="wpb_wrapper">
<blockquote>
<p>Lokalno akcijska skupina Suhe krajine, Temenice in Krke zavzema območje štirih občin:</p>
</blockquote>
<ul class="pi-bullets-square pi-bullets">
<li><strong><a href="http://www.trebnje.si/" target="_blank" rel="noopener">Trebnje</a></strong></li>
<li><strong><a href="http://www.ivancna-gorica.si/" target="_blank" rel="noopener">Ivančna Gorica</a></strong></li>
<li><strong><a href="http://www.dolenjske-toplice.si/" target="_blank" rel="noopener">Dolenjske Toplice</a></strong></li>
<li><strong><a href="http://www.zuzemberk.si/" target="_blank" rel="noopener">Žužemberk</a></strong></li>
</ul>
</div>
</div>
</div>
</div>
</div>
<div class="wpb_column vc_column_container vc_col-sm-6">
<div class="vc_column-inner">
<div class="wpb_wrapper">
<div class="standard-number-list bullet-top">
<blockquote>
<p>Občine štejejo skupaj <strong>350 naselij</strong></p>
</blockquote>
<blockquote>
<p>pokrivajo <strong>664,8 km<sup>2</sup> površine</strong></p>
</blockquote>
<blockquote>
<p>na tem območju živelo <strong>36.096 prebivalcev<br />
</strong>(po podatkih statističnega urada je na dan 1. 7. 2014)</p>
</blockquote>
</div>
</div>
</div>
</div>
</div>
<p>[/vc_column_text][/vc_column][/vc_row][vc_row bg_type=&#8221;image&#8221; parallax_style=&#8221;vcpb-vz-jquery&#8221; bg_image_new=&#8221;id^2094|url^https://www.las-stik.si/programsko-obdobje-2014-2020/wp-content/uploads/2021/03/trebnje-1.jpg|caption^null|alt^null|title^trebnje|description^null&#8221; bg_override=&#8221;ex-full&#8221; fadeout_row=&#8221;fadeout_row_value&#8221; fadeout_start_effect=&#8221;30&#8243; enable_overlay=&#8221;enable_overlay_value&#8221; overlay_color=&#8221;rgba(38,45,55,0.5)&#8221; seperator_enable=&#8221;seperator_enable_value&#8221; seperator_type=&#8221;tilt_left_seperator&#8221; seperator_position=&#8221;top_bottom_seperator&#8221; seperator_svg_height=&#8221;100&#8243;][vc_column css=&#8221;.vc_custom_1560418610056{padding-top: 150px !important;padding-bottom: 150px !important;}&#8221; offset=&#8221;vc_col-lg-offset-2 vc_col-lg-8&#8243;]<div id="ultimate-heading-569f39a4f256f5" class="uvc-heading ult-adjust-bottom-margin ultimate-heading-569f39a4f256f5 uvc-9959 accent-subtitle-color uvc-heading-default-font-sizes" data-hspacer="no_spacer"  data-halign="center" style="text-align:center"><div class="uvc-heading-spacer no_spacer" style="top"></div><div class="uvc-main-heading ult-responsive"  data-ultimate-target='.uvc-heading.ultimate-heading-569f39a4f256f5 h3'  data-responsive-json-new='{"font-size":"","line-height":""}' ><h3 style="font-weight:bold;color:#ffffff;margin-bottom:15px;">Občine LAS STIK se nahajajo na območju Suhe krajine in Temeniške doline, ki ju povezuje porečje reke Krke</h3></div></div>[/vc_column][/vc_row][vc_row css=&#8221;.vc_custom_1560792780987{padding-top: 50px !important;padding-bottom: 20px !important;}&#8221;][vc_column width=&#8221;1/2&#8243; css=&#8221;.vc_custom_1560787609636{padding-bottom: 45px !important;}&#8221;][vc_column_text css=&#8221;.vc_custom_1615573867391{padding-bottom: 10px !important;}&#8221;]</p>
<h2 class="pi-has-bg pi-weight-700 pi-uppercase pi-letter-spacing pi-margin-bottom-15">OSEBNA IZKAZNICA</h2>
<p><strong>NAZIV LAS:</strong> Lokalna akcijska skupina Suhe krajine, Temenice in Krke</p>
<p><strong>NASLOV LAS:</strong> Kidričeva ulica 2, 8210 Trebnje</p>
<p><strong>PREDSEDNIK LAS:</strong> Vlado Kostevc</p>
<p><strong>VODILNI PARTNER LAS:</strong><br />
Naloge vodilnega partnerja za LAS STIK opravlja Center za izobraževanje in kulturo Trebnje. Slednji za LAS STIK organizira in opravlja vse administrativno-tehnične ter finančne naloge, hkrati pa nima pravice odločanja o nobenem področju dela LAS.</p>
<p><strong>Center za izobraževanje in kulturo Trebnje</strong><br />
<strong>Kidričeva ulica 2</strong><br />
<strong>8210 Trebnje</strong></p>
<p><strong>Odgovorna oseba:</strong><br />
Patricija Pavlič, direktorica CIK Trebnje</p>
<p>&nbsp;[/vc_column_text][/vc_column][vc_column width=&#8221;1/2&#8243;][vc_column_text]<strong>IDENTIFIKACIJSKI PODATKI</strong><br />
<strong>T:</strong> 07 34 82 100<br />
<strong>E:</strong> las-stik@ciktrebnje.si<br />
<a href="https://www.las-stik.si/programsko-obdobje-2014-2020/">www.las-stik.si</a></p>
<p><strong>Matična številka:</strong> 5102332000<br />
<strong>Davčna številka:</strong> 32185782<br />
<strong>Transakcijski račun:</strong> IBAN SI56 01330-6000000587</p>
<p><strong>VKLUČENE OBČINE:<br />
</strong></p>
<ul class="pi-bullets-square pi-bullets">
<li><strong><a href="http://www.ivancna-gorica.si/" target="_blank" rel="noopener">Občina Ivančna Gorica</a></strong></li>
<li><strong><a href="http://www.dolenjske-toplice.si/" target="_blank" rel="noopener">Občina Dolenjske Toplice</a></strong></li>
<li><strong><a href="http://www.trebnje.si/" target="_blank" rel="noopener">Občina Trebnje</a></strong></li>
<li><strong><a href="http://www.zuzemberk.si/" target="_blank" rel="noopener">Občina Žužemberk</a></strong></li>
</ul>
<p><strong>PODATKI O USTANOVITVI:</strong><br />
Dne 22. 7. 2015 je bila na ustanovni skupščini LAS STIK podpisana Pogodba o ustanovitvi in delovanju LAS STIK.[/vc_column_text][/vc_column][/vc_row]</p>
</div>

<p>[vc_row css=&#8221;.vc_custom_1560793098479{padding-bottom: 50px !important;}&#8221;][vc_column][vc_column_text] Lokalno akcijska skupina Suhe krajine, Temenice in Krke zavzema območje štirih občin: Trebnje Ivančna Gorica Dolenjske Toplice Žužemberk Občine štejejo skupaj 350 naselij pokrivajo 664,8 km2 površine na tem območju živelo 36.096 prebivalcev (po podatkih statističnega urada je na dan 1. 7. 2014) [/vc_column_text][/vc_column][/vc_row][vc_row bg_type=&#8221;image&#8221; parallax_style=&#8221;vcpb-vz-jquery&#8221; bg_image_new=&#8221;id^2094|url^https://www.las-stik.si/programsko-obdobje-2014-2020/wp-content/uploads/2021/03/trebnje-1.jpg|caption^null|alt^null|title^trebnje|description^null&#8221; bg_override=&#8221;ex-full&#8221; fadeout_row=&#8221;fadeout_row_value&#8221; fadeout_start_effect=&#8221;30&#8243; enable_overlay=&#8221;enable_overlay_value&#8221; overlay_color=&#8221;rgba(38,45,55,0.5)&#8221; seperator_enable=&#8221;seperator_enable_value&#8221; seperator_type=&#8221;tilt_left_seperator&#8221; seperator_position=&#8221;top_bottom_seperator&#8221; seperator_svg_height=&#8221;100&#8243;][vc_column&hellip;</p>
