{"id":2137,"date":"2021-04-06T13:21:59","date_gmt":"2021-04-06T12:21:59","guid":{"rendered":"https:\/\/mandu.si\/ls\/?page_id=2137"},"modified":"2021-04-17T15:21:06","modified_gmt":"2021-04-17T13:21:06","slug":"osebna-izkaznica","status":"publish","type":"page","link":"https:\/\/www.las-stik.si\/programsko-obdobje-2014-2020\/osebna-izkaznica\/","title":{"rendered":"Osebna izkaznica"},"content":{"rendered":"<p><strong>NAZIV LAS:<\/strong>\u00a0Lokalna akcijska skupina Suhe krajine, Temenice in Krke<\/p>\n<p><strong>NASLOV LAS:<\/strong>\u00a0Kidri\u010deva ulica 2, 8210 Trebnje<\/p>\n<p><strong>PREDSEDNIK LAS:<\/strong>\u00a0Vlado Kostevc<\/p>\n<p><strong>VODILNI PARTNER LAS:<\/strong><br \/>\nNaloge vodilnega partnerja za LAS STIK opravlja Center za izobra\u017eevanje in kulturo Trebnje. Slednji za LAS STIK organizira in opravlja vse administrativno-tehni\u010dne ter finan\u010dne naloge, hkrati pa nima pravice odlo\u010danja o nobenem podro\u010dju dela LAS.<\/p>\n<p><strong>Center za izobra\u017eevanje in kulturo Trebnje<\/strong><br \/>\n<strong>Kidri\u010deva ulica 2<\/strong><br \/>\n<strong>8210 Trebnje<\/strong><\/p>\n<p><strong>Odgovorna oseba:<\/strong><br \/>\nPatricija Pavli\u010d, direktorica CIK Trebnje<\/p>\n<p><strong>IDENTIFIKACIJSKI PODATKI<\/strong><br \/>\n<strong>T:<\/strong>\u00a007 34 82 100<br \/>\n<strong>E:<\/strong>\u00a0<span id=\"cloak54e82948a9a45cf8cc0229654c03e6c5\"><a href=\"mailto:las-stik@ciktrebnje.si\">las-stik@ciktrebnje.si<\/a><\/span><br \/>\n<a href=\"https:\/\/www.las-stik.si\/programsko-obdobje-2014-2020\/\">www.las-stik.si<\/a><\/p>\n<p><strong>Mati\u010dna \u0161tevilka:<\/strong>\u00a05102332000<br \/>\n<strong>Dav\u010dna \u0161tevilka:<\/strong>\u00a032185782<br \/>\n<strong>Transakcijski ra\u010dun:<\/strong> IBAN SI56 0110 0600 0064 431<\/p>\n<p><strong>VKLU\u010cENE OB\u010cINE:<br \/>\n<\/strong><\/p>\n<ul class=\"pi-bullets-square pi-bullets\">\n<li><strong><a href=\"http:\/\/www.ivancna-gorica.si\/\" target=\"_blank\" rel=\"noopener\">Ob\u010dina Ivan\u010dna Gorica<\/a><\/strong><\/li>\n<li><strong><a href=\"http:\/\/www.dolenjske-toplice.si\/\" target=\"_blank\" rel=\"noopener\">Ob\u010dina Dolenjske Toplice<\/a><\/strong><\/li>\n<li><strong><a href=\"http:\/\/www.trebnje.si\/\" target=\"_blank\" rel=\"noopener\">Ob\u010dina Trebnje<\/a><\/strong><\/li>\n<li><strong><a href=\"http:\/\/www.zuzemberk.si\/\" target=\"_blank\" rel=\"noopener\">Ob\u010dina \u017du\u017eemberk<\/a><\/strong><\/li>\n<\/ul>\n<p><strong>PODATKI O USTANOVITVI:<\/strong><br \/>\nDne 22. 7. 2015 je bila na ustanovni skup\u0161\u010dini LAS STIK podpisana Pogodba o ustanovitvi in delovanju LAS STIK.<\/p>\n","protected":false},"excerpt":{"rendered":"<p>NAZIV LAS:\u00a0Lokalna akcijska skupina Suhe krajine, Temenice in Krke NASLOV LAS:\u00a0Kidri\u010deva ulica 2, 8210 Trebnje PREDSEDNIK LAS:\u00a0Vlado Kostevc VODILNI PARTNER LAS: Naloge vodilnega partnerja za LAS STIK opravlja Center za izobra\u017eevanje in kulturo Trebnje. Slednji za LAS STIK organizira in opravlja vse administrativno-tehni\u010dne ter finan\u010dne naloge, hkrati pa nima pravice odlo\u010danja o nobenem podro\u010dju dela&hellip;<\/p>\n","protected":false},"author":1,"featured_media":0,"parent":0,"menu_order":10,"comment_status":"closed","ping_status":"closed","template":"","meta":{"footnotes":""},"_links":{"self":[{"href":"https:\/\/www.las-stik.si\/programsko-obdobje-2014-2020\/wp-json\/wp\/v2\/pages\/2137"}],"collection":[{"href":"https:\/\/www.las-stik.si\/programsko-obdobje-2014-2020\/wp-json\/wp\/v2\/pages"}],"about":[{"href":"https:\/\/www.las-stik.si\/programsko-obdobje-2014-2020\/wp-json\/wp\/v2\/types\/page"}],"author":[{"embeddable":true,"href":"https:\/\/www.las-stik.si\/programsko-obdobje-2014-2020\/wp-json\/wp\/v2\/users\/1"}],"replies":[{"embeddable":true,"href":"https:\/\/www.las-stik.si\/programsko-obdobje-2014-2020\/wp-json\/wp\/v2\/comments?post=2137"}],"version-history":[{"count":0,"href":"https:\/\/www.las-stik.si\/programsko-obdobje-2014-2020\/wp-json\/wp\/v2\/pages\/2137\/revisions"}],"wp:attachment":[{"href":"https:\/\/www.las-stik.si\/programsko-obdobje-2014-2020\/wp-json\/wp\/v2\/media?parent=2137"}],"curies":[{"name":"wp","href":"https:\/\/api.w.org\/{rel}","templated":true}]}}

<p><strong>NAZIV LAS:</strong> Lokalna akcijska skupina Suhe krajine, Temenice in Krke</p>
<p><strong>NASLOV LAS:</strong> Kidričeva ulica 2, 8210 Trebnje</p>
<p><strong>PREDSEDNIK LAS:</strong> Vlado Kostevc</p>
<p><strong>VODILNI PARTNER LAS:</strong><br />
Naloge vodilnega partnerja za LAS STIK opravlja Center za izobraževanje in kulturo Trebnje. Slednji za LAS STIK organizira in opravlja vse administrativno-tehnične ter finančne naloge, hkrati pa nima pravice odločanja o nobenem področju dela LAS.</p>
<p><strong>Center za izobraževanje in kulturo Trebnje</strong><br />
<strong>Kidričeva ulica 2</strong><br />
<strong>8210 Trebnje</strong></p>
<p><strong>Odgovorna oseba:</strong><br />
Patricija Pavlič, direktorica CIK Trebnje</p>
<p><strong>IDENTIFIKACIJSKI PODATKI</strong><br />
<strong>T:</strong> 07 34 82 100<br />
<strong>E:</strong> <span id="cloak54e82948a9a45cf8cc0229654c03e6c5"><a href="mailto:las-stik@ciktrebnje.si">las-stik@ciktrebnje.si</a></span><br />
<a href="https://www.las-stik.si/programsko-obdobje-2014-2020/">www.las-stik.si</a></p>
<p><strong>Matična številka:</strong> 5102332000<br />
<strong>Davčna številka:</strong> 32185782<br />
<strong>Transakcijski račun:</strong> IBAN SI56 0110 0600 0064 431</p>
<p><strong>VKLUČENE OBČINE:<br />
</strong></p>
<ul class="pi-bullets-square pi-bullets">
<li><strong><a href="http://www.ivancna-gorica.si/" target="_blank" rel="noopener">Občina Ivančna Gorica</a></strong></li>
<li><strong><a href="http://www.dolenjske-toplice.si/" target="_blank" rel="noopener">Občina Dolenjske Toplice</a></strong></li>
<li><strong><a href="http://www.trebnje.si/" target="_blank" rel="noopener">Občina Trebnje</a></strong></li>
<li><strong><a href="http://www.zuzemberk.si/" target="_blank" rel="noopener">Občina Žužemberk</a></strong></li>
</ul>
<p><strong>PODATKI O USTANOVITVI:</strong><br />
Dne 22. 7. 2015 je bila na ustanovni skupščini LAS STIK podpisana Pogodba o ustanovitvi in delovanju LAS STIK.</p>

<p>NAZIV LAS: Lokalna akcijska skupina Suhe krajine, Temenice in Krke NASLOV LAS: Kidričeva ulica 2, 8210 Trebnje PREDSEDNIK LAS: Vlado Kostevc VODILNI PARTNER LAS: Naloge vodilnega partnerja za LAS STIK opravlja Center za izobraževanje in kulturo Trebnje. Slednji za LAS STIK organizira in opravlja vse administrativno-tehnične ter finančne naloge, hkrati pa nima pravice odločanja o nobenem področju dela&hellip;</p>
