{"id":258,"date":"2018-10-30T18:19:54","date_gmt":"2018-10-30T18:19:54","guid":{"rendered":"https:\/\/the7.io\/g-business\/?page_id=258"},"modified":"2023-11-30T09:02:51","modified_gmt":"2023-11-30T08:02:51","slug":"clani-las-stik","status":"publish","type":"page","link":"https:\/\/www.las-stik.si\/programsko-obdobje-2014-2020\/clani-las-stik\/","title":{"rendered":"\u010clanstvo LAS STIK 2014-2020"},"content":{"rendered":"<div class=\"wpb-content-wrapper\"><p>[vc_row][vc_column width=&#8221;1\/2&#8243;][vc_column_text css=&#8221;.vc_custom_1615571138703{margin-bottom: 60px !important;border-left-width: 5px !important;padding-left: 20px !important;border-left-color: #93c248 !important;border-left-style: solid !important;}&#8221;]\u010clanstvo LAS STIK je prostovoljno in odprtega tipa, dostopno vsem pod enakimi pogoji. V LAS se lahko v\u010dlani vsak, ki bo s svojim prostovoljnim delom deloval v dobro ciljev LAS.<\/p>\n<p><strong>Vklju\u010ditev v LAS predpostavlja namre\u010d odgovorno in aktivno delovanje v prid celostnemu in trajnemu razvoju obmo\u010dja.<\/strong>[\/vc_column_text][vc_column_text css=&#8221;.vc_custom_1677574494912{margin-bottom: 60px !important;border-left-width: 5px !important;padding-left: 20px !important;border-left-color: #93c248 !important;border-left-style: solid !important;}&#8221;]<strong>\u010clan LAS STIK lahko postanete tako, da izpolnite in podpi\u0161ete &#8220;Pristopno izjavo&#8221;<\/strong><\/p>\n<p class=\"pi-margin-bottom-15\">in jo po\u0161ljete na naslov\u00a0<strong>Center za izobra\u017eevanje in kulturo Trebnje, Kidri\u010deva ulica 2, 8210 Trebnje<\/strong>. Na podlagi izpolnjene pristopne izjave se pripravi pogodba, ki dolo\u010da pravice in odgovornosti \u010dlanstva LAS STIK.<\/p>\n<p>[\/vc_column_text][\/vc_column][vc_column width=&#8221;1\/2&#8243;][vc_column_text css=&#8221;.vc_custom_1615571179453{margin-bottom: 60px !important;border-left-width: 5px !important;padding-left: 20px !important;border-left-color: #93c248 !important;border-left-style: solid !important;}&#8221;]V skladu z uredbo\u00a0<strong>EU 1303\/2013<\/strong>\u00a0je LAS sestavljen iz predstavnikov javnih in zasebnih socialno-ekonomskih interesov, v katerih na ravni odlo\u010danja nobena interesna skupina nima ve\u010d kot\u00a0<strong>49 % glasovalnih pravic<\/strong>.\u00a0 \u010clani LAS STIK so tako javni kot zasebni subjekti, prisotni na obmo\u010dju ob\u010dine<strong>\u00a0Trebnje, Ivan\u010dne Gorice, Dolenjskih Toplic in \u017du\u017eemberka<\/strong>. To so fizi\u010dne in pravne osebe na tem obmo\u010dju ter organizacije, ki imajo sede\u017e izven, vendar s svojim delovanjem, nalogami in pristojnostmi posegajo na obmo\u010dje LAS STIK.[\/vc_column_text][vc_column_text css=&#8221;.vc_custom_1617772608579{margin-bottom: 60px !important;border-left-width: 5px !important;padding-left: 20px !important;border-left-color: #93c248 !important;border-left-style: solid !important;}&#8221;]<\/p>\n<p class=\"pi-has-bg pi-weight-700 pi-uppercase pi-letter-spacing pi-margin-bottom-15\"><strong>JAVNI POZIV ZA \u010cLANSTVO V LAS STIK<\/strong><\/p>\n<p>S tem pozivom vabimo vse zainteresirane, da se vklju\u010dijo v Lokalno akcijsko skupino Suhe krajine, Temenice in Krke ter postanejo pristopni \u010dlani LAS-a.<\/p>\n<ul class=\"pi-bullets-square pi-bullets\">\n<li><strong><a href=\"https:\/\/www.las-stik.si\/programsko-obdobje-2014-2020\/wp-content\/uploads\/2015\/09\/PRIPONKA-JAVNI-POZIV-CLANSTVO-LAS-STIK.pdf\" target=\"_blank\" rel=\"noopener\">Javni poziv za \u010dlanstvo v LAS STIK<\/a><\/strong><\/li>\n<\/ul>\n<p>[\/vc_column_text][\/vc_column][vc_column][\/vc_column][\/vc_row]<\/p>\n<\/div>","protected":false},"excerpt":{"rendered":"<p>[vc_row][vc_column width=&#8221;1\/2&#8243;][vc_column_text css=&#8221;.vc_custom_1615571138703{margin-bottom: 60px !important;border-left-width: 5px !important;padding-left: 20px !important;border-left-color: #93c248 !important;border-left-style: solid !important;}&#8221;]\u010clanstvo LAS STIK je prostovoljno in odprtega tipa, dostopno vsem pod enakimi pogoji. V LAS se lahko v\u010dlani vsak, ki bo s svojim prostovoljnim delom deloval v dobro ciljev LAS. Vklju\u010ditev v LAS predpostavlja namre\u010d odgovorno in aktivno delovanje v prid celostnemu in&hellip;<\/p>\n","protected":false},"author":1,"featured_media":0,"parent":0,"menu_order":60,"comment_status":"closed","ping_status":"closed","template":"","meta":{"footnotes":""},"_links":{"self":[{"href":"https:\/\/www.las-stik.si\/programsko-obdobje-2014-2020\/wp-json\/wp\/v2\/pages\/258"}],"collection":[{"href":"https:\/\/www.las-stik.si\/programsko-obdobje-2014-2020\/wp-json\/wp\/v2\/pages"}],"about":[{"href":"https:\/\/www.las-stik.si\/programsko-obdobje-2014-2020\/wp-json\/wp\/v2\/types\/page"}],"author":[{"embeddable":true,"href":"https:\/\/www.las-stik.si\/programsko-obdobje-2014-2020\/wp-json\/wp\/v2\/users\/1"}],"replies":[{"embeddable":true,"href":"https:\/\/www.las-stik.si\/programsko-obdobje-2014-2020\/wp-json\/wp\/v2\/comments?post=258"}],"version-history":[{"count":0,"href":"https:\/\/www.las-stik.si\/programsko-obdobje-2014-2020\/wp-json\/wp\/v2\/pages\/258\/revisions"}],"wp:attachment":[{"href":"https:\/\/www.las-stik.si\/programsko-obdobje-2014-2020\/wp-json\/wp\/v2\/media?parent=258"}],"curies":[{"name":"wp","href":"https:\/\/api.w.org\/{rel}","templated":true}]}}

Članstvo LAS STIK 2014-2020

<div class="wpb-content-wrapper"><p>[vc_row][vc_column width=&#8221;1/2&#8243;][vc_column_text css=&#8221;.vc_custom_1615571138703{margin-bottom: 60px !important;border-left-width: 5px !important;padding-left: 20px !important;border-left-color: #93c248 !important;border-left-style: solid !important;}&#8221;]Članstvo LAS STIK je prostovoljno in odprtega tipa, dostopno vsem pod enakimi pogoji. V LAS se lahko včlani vsak, ki bo s svojim prostovoljnim delom deloval v dobro ciljev LAS.</p>
<p><strong>Vključitev v LAS predpostavlja namreč odgovorno in aktivno delovanje v prid celostnemu in trajnemu razvoju območja.</strong>[/vc_column_text][vc_column_text css=&#8221;.vc_custom_1677574494912{margin-bottom: 60px !important;border-left-width: 5px !important;padding-left: 20px !important;border-left-color: #93c248 !important;border-left-style: solid !important;}&#8221;]<strong>Član LAS STIK lahko postanete tako, da izpolnite in podpišete &#8220;Pristopno izjavo&#8221;</strong></p>
<p class="pi-margin-bottom-15">in jo pošljete na naslov <strong>Center za izobraževanje in kulturo Trebnje, Kidričeva ulica 2, 8210 Trebnje</strong>. Na podlagi izpolnjene pristopne izjave se pripravi pogodba, ki določa pravice in odgovornosti članstva LAS STIK.</p>
<p>[/vc_column_text][/vc_column][vc_column width=&#8221;1/2&#8243;][vc_column_text css=&#8221;.vc_custom_1615571179453{margin-bottom: 60px !important;border-left-width: 5px !important;padding-left: 20px !important;border-left-color: #93c248 !important;border-left-style: solid !important;}&#8221;]V skladu z uredbo <strong>EU 1303/2013</strong> je LAS sestavljen iz predstavnikov javnih in zasebnih socialno-ekonomskih interesov, v katerih na ravni odločanja nobena interesna skupina nima več kot <strong>49 % glasovalnih pravic</strong>.  Člani LAS STIK so tako javni kot zasebni subjekti, prisotni na območju občine<strong> Trebnje, Ivančne Gorice, Dolenjskih Toplic in Žužemberka</strong>. To so fizične in pravne osebe na tem območju ter organizacije, ki imajo sedež izven, vendar s svojim delovanjem, nalogami in pristojnostmi posegajo na območje LAS STIK.[/vc_column_text][vc_column_text css=&#8221;.vc_custom_1617772608579{margin-bottom: 60px !important;border-left-width: 5px !important;padding-left: 20px !important;border-left-color: #93c248 !important;border-left-style: solid !important;}&#8221;]</p>
<p class="pi-has-bg pi-weight-700 pi-uppercase pi-letter-spacing pi-margin-bottom-15"><strong>JAVNI POZIV ZA ČLANSTVO V LAS STIK</strong></p>
<p>S tem pozivom vabimo vse zainteresirane, da se vključijo v Lokalno akcijsko skupino Suhe krajine, Temenice in Krke ter postanejo pristopni člani LAS-a.</p>
<ul class="pi-bullets-square pi-bullets">
<li><strong><a href="https://www.las-stik.si/programsko-obdobje-2014-2020/wp-content/uploads/2015/09/PRIPONKA-JAVNI-POZIV-CLANSTVO-LAS-STIK.pdf" target="_blank" rel="noopener">Javni poziv za članstvo v LAS STIK</a></strong></li>
</ul>
<p>[/vc_column_text][/vc_column][vc_column][/vc_column][/vc_row]</p>
</div>

<p>[vc_row][vc_column width=&#8221;1/2&#8243;][vc_column_text css=&#8221;.vc_custom_1615571138703{margin-bottom: 60px !important;border-left-width: 5px !important;padding-left: 20px !important;border-left-color: #93c248 !important;border-left-style: solid !important;}&#8221;]Članstvo LAS STIK je prostovoljno in odprtega tipa, dostopno vsem pod enakimi pogoji. V LAS se lahko včlani vsak, ki bo s svojim prostovoljnim delom deloval v dobro ciljev LAS. Vključitev v LAS predpostavlja namreč odgovorno in aktivno delovanje v prid celostnemu in&hellip;</p>
