{"id":3679,"date":"2022-01-06T09:31:58","date_gmt":"2022-01-06T08:31:58","guid":{"rendered":"https:\/\/www.las-stik.si\/programsko-obdobje-2014-2020\/?page_id=3679"},"modified":"2022-01-06T10:02:57","modified_gmt":"2022-01-06T09:02:57","slug":"skupaj-za-varni-jutr","status":"publish","type":"page","link":"https:\/\/www.las-stik.si\/programsko-obdobje-2014-2020\/projekti\/skupaj-za-varni-jutr\/","title":{"rendered":"Skupaj za varni jutri"},"content":{"rendered":"<blockquote><p><span style=\"color: #333333;\">&#8220;SKUPAJ ZA VARNI JUTRI&#8221; je projekt sodelovanja petih slovenskih Lokalnih akcijskih skupin, ki je bil uspe\u0161no prijavljen na 5. javni razpis za podukrep 19.3 Priprava in izvajanje dejavnosti sodelovanja lokalne akcijske skupine Ministrstva za kmetijstvo, gozdarstvo in prehrano.<\/span><\/p><\/blockquote>\n<p><strong>\u00a0<\/strong><\/p>\n<p><strong><img loading=\"lazy\" decoding=\"async\" class=\"size-medium wp-image-3680 aligncenter\" src=\"https:\/\/www.las-stik.si\/programsko-obdobje-2014-2020\/wp-content\/uploads\/2022\/01\/Za-varni-JU3-barvni-300x230.png\" alt=\"\" width=\"300\" height=\"230\" srcset=\"https:\/\/www.las-stik.si\/programsko-obdobje-2014-2020\/wp-content\/uploads\/2022\/01\/Za-varni-JU3-barvni-300x230.png 300w, https:\/\/www.las-stik.si\/programsko-obdobje-2014-2020\/wp-content\/uploads\/2022\/01\/Za-varni-JU3-barvni-150x115.png 150w, https:\/\/www.las-stik.si\/programsko-obdobje-2014-2020\/wp-content\/uploads\/2022\/01\/Za-varni-JU3-barvni-768x588.png 768w, https:\/\/www.las-stik.si\/programsko-obdobje-2014-2020\/wp-content\/uploads\/2022\/01\/Za-varni-JU3-barvni.png 969w\" sizes=\"(max-width: 300px) 100vw, 300px\" \/> <\/strong><\/p>\n<p><strong>\u00a0<\/strong><\/p>\n<p><strong>Trajanje projekta:<\/strong>\u00a0oktober 2021 \u2013 junij 2023<\/p>\n<p><strong>Partnerji:<\/strong>\u00a0<strong>LAS Suhe krajine, Temenice in Krke<\/strong>, LAS Dolenjske in Bele krajine, LAS po poteh dedi\u0161\u010dine od Turjaka do Kolpe, LAS Zasavje in LAS Me\u017ei\u0161ke doline<\/p>\n<p><u>Partnerja na obmo\u010dju LAS STIK je<\/u>: <strong>Ob\u010dina Ivan\u010dna Gorica,<\/strong> <strong>Ob\u010dina Trebnje<\/strong>.<\/p>\n<p><strong>Skupna vrednost projekta za LAS STIK: <\/strong>119.121,06 EUR<\/p>\n<p><strong>Vi\u0161ina sofinanciranja:<\/strong> 91.898,98 EUR<\/p>\n<p><strong>\u00a0<\/strong><\/p>\n<p><strong>Opis projekta:<\/strong><\/p>\n<p>S projektom sodelovanja \u017eeli pet LAS iz Slovenije zdru\u017eiti svoje mo\u010di in skupaj z lokalnimi partnerji, sodelovati pri \u0161irjenju in dopolnjevanju \u017ee obstoje\u010dih mre\u017e javno dostopnih AED aparatov. Z izvajanjem aktivnosti projekta \u017eelimo prebivalstvo usposobiti za hitro in u\u010dinkovit pomo\u010d ob sr\u010dnem zastoju, kar bomo dosegli z izvajanjem delavnic za prve posredovalce in obnovitvenimi te\u010daji.<\/p>\n<p>V okviru projekta bo skupina strokovnjakov z vseh sodelujo\u010dih obmo\u010dij zdru\u017eila znanje in izku\u0161nje ter pripravila programe usposabljanja za razli\u010dne ciljne skupine, ki se bodo potem tudi izvajali na vseh vklju\u010denih obmo\u010djih. Vsebine bodo zajemale dve glavni podro\u010dji:<\/p>\n<ul>\n<li>Preventiva &#8211; z vsebinami o zdravem na\u010dinu \u017eivljenja\/kako lahko zmanj\u0161amo tveganje za nastanek bolezni.<\/li>\n<li>Postopek o\u017eivljanja \u2013 kaj narediti, \u010de se znajde\u0161 v situaciji, da lahko pomaga\u0161.<\/li>\n<\/ul>\n<p>Preizku\u0161ene programe usposabljanja bomo nato zdru\u017eili v bro\u0161uro\/priro\u010dnik, ki bo kot gradivo slu\u017eil pri vseh nadaljnjih izvajanjih. V okviru projekta bo pripravljen tudi informativni material, kot so zlo\u017eenke in letaki, plakati \u2026 Materiali bodo slu\u017eili kot podpora pri izvajanju usposabljanj, saj bo razdeljen prebivalcem na vklju\u010denih obmo\u010djih.<\/p>\n<p>Prebivalce vklju\u010denih obmo\u010dij (otroci na \u0161olah, odraslo prebivalstvo, prostovoljni gasilci..) \u017eelimo usposobiti, da bodo lahko s svojim znanjem in uporabo AED aparata pomagali ljudem z nenadnim sr\u010dnimi te\u017eavami. Na delavnicah, ki bodo prilagojene razli\u010dnim ciljnim skupinam,\u00a0 bo del \u010dasa namenjen tudi splo\u0161nim vsebinam s podro\u010dja zdravja in zdravega na\u010dina \u017eivljenja v smislu prepre\u010devanja nastajanja bolezni srca in o\u017eilja, del \u010dasa pa u\u010denju postopka o\u017eivljanja.<\/p>\n<p>Poleg osnovnih znanj o\u017eivljanja in nudenja pomo\u010di z AED aparati je tudi pomembna osve\u0161\u010denost o zdravem na\u010dinu gibanja in posledi\u010dno zmanj\u0161evanju emisij toplogrednih plinov s \u010dimer bi prispevali tudi k trajnostni mobilnosti. Redna telesna vadba, tudi hoja in kolesarjenje, je v kombinaciji z zdravo prehrano in nasploh z zdravim \u017eivljenjskim slogom, glavni dejavnik, ki zmanj\u0161uje tveganje za vse vrste bolezni.<\/p>\n<p>V sklopu projekta bomo izvedli dva dogodka, ki bosta spodbujala gibanje med udele\u017eenci v obliki kolesarjenja in z vsebino zdravega na\u010dina gibanja in prehranjevanja. Na dogodka bomo povabili partnerske LAS.<\/p>\n<p><strong>D<\/strong><strong>olgoro\u010dni cilj<\/strong> projekta je, da se pove\u010da \u0161tevilo tistih, ki se po pre\u017eivetju tako hude situacije, kot je sr\u010dni zastoj, vrnejo v doma\u010de okolje in v enako kvaliteto svojega \u017eivljenja, kot pred dogodkom.<\/p>\n<p><strong>Rezultati operacije bodo doprinesli k uresni\u010devanju skupnih ciljev vklju\u010denih obmo\u010dij. Pri\u010dakovani rezultati operacije: <\/strong><\/p>\n<ul>\n<li>Vzpostavljeno dolgoro\u010dno partnerstvo za izmenjavo znanj, izku\u0161enj in prenos dobrih praks ter implementacijo na sodelujo\u010dih obmo\u010djih<\/li>\n<li>Usposobljeno prebivalstvo na podro\u010dju TPO in uporabe AED<\/li>\n<li>Ozave\u0161\u010deno prebivalstvo o pomenu preventive za prepre\u010devanje bolezni, o zdravem \u017eivljenjskem slogu in o povezanosti dobrobiti ljudi z varovanjem narave, ekolo\u0161ko osve\u0161\u010denostjo, \u2026 zdravi ljudje, ki hodijo pe\u0161 in kolesarijo in tako zmanj\u0161ajo uporabo avtomobila na minimum.<\/li>\n<li>Zdravi ljudje, ki hodijo pe\u0161 in kolesarijo in tako zmanj\u0161ajo uporabo avtomobila na minimum.<\/li>\n<li>Dvig socialne vklju\u010denosti ranljivih ciljnih skupin z njihovim vklju\u010devanjem v izobra\u017eevanja in s sodelovanjem na dogodkih (\u017eenske, mladi brezposelni in tisti, ki se \u0161olajo, starej\u0161i in oskrbovalci)<\/li>\n<li>Izdelano poenoteno gradivo (film, priro\u010dnik) za izobra\u017eevanja, usposabljanja in promocijo tematike<\/li>\n<li>Vzpostavljena mre\u017ea AED aparatov na vklju\u010denih obmo\u010djih ter vzpostavljena stalna promocija AED aparatov in pomena hitrega ukrepanja pri nujnih stanjih<\/li>\n<li>Prilagajanje vklju\u010denih obmo\u010dij na podnebne spremembe &#8211; zagotovljena pomi\u010dna oprema (agregati in radijske postaje) kot odgovor na podnebne spremembe<\/li>\n<\/ul>\n<p>&nbsp;<\/p>\n<p><strong>POVEZAVE:<\/strong> Ve\u010d o instrumentu CLLD si lahko preberete na spletni strani Programa razvoja pode\u017eelja:\u00a0<a href=\"https:\/\/www.program-podezelja.si\/sl\/\" target=\"_blank\" rel=\"noopener\">https:\/\/www.program-podezelja.si\/sl\/<\/a>\u00a0in na spletni strani Evropske komisije, namenjene EKSRP:\u00a0<a href=\"https:\/\/ec.europa.eu\/agriculture\/rural-development-2014-2020_sl\" target=\"_blank\" rel=\"noopener\">https:\/\/ec.europa.eu\/agriculture\/rural-development-2014-2020_sl<\/a><\/p>\n<p>&nbsp;<\/p>\n<p><img loading=\"lazy\" decoding=\"async\" class=\"aligncenter wp-image-3682 size-large\" src=\"https:\/\/www.las-stik.si\/programsko-obdobje-2014-2020\/wp-content\/uploads\/2022\/01\/PRP-LEADER-EU-SLO-barvni-1-1024x253.jpg\" alt=\"\" width=\"1024\" height=\"253\" srcset=\"https:\/\/www.las-stik.si\/programsko-obdobje-2014-2020\/wp-content\/uploads\/2022\/01\/PRP-LEADER-EU-SLO-barvni-1-1024x253.jpg 1024w, https:\/\/www.las-stik.si\/programsko-obdobje-2014-2020\/wp-content\/uploads\/2022\/01\/PRP-LEADER-EU-SLO-barvni-1-300x74.jpg 300w, https:\/\/www.las-stik.si\/programsko-obdobje-2014-2020\/wp-content\/uploads\/2022\/01\/PRP-LEADER-EU-SLO-barvni-1-150x37.jpg 150w, https:\/\/www.las-stik.si\/programsko-obdobje-2014-2020\/wp-content\/uploads\/2022\/01\/PRP-LEADER-EU-SLO-barvni-1-768x190.jpg 768w, https:\/\/www.las-stik.si\/programsko-obdobje-2014-2020\/wp-content\/uploads\/2022\/01\/PRP-LEADER-EU-SLO-barvni-1-1536x380.jpg 1536w, https:\/\/www.las-stik.si\/programsko-obdobje-2014-2020\/wp-content\/uploads\/2022\/01\/PRP-LEADER-EU-SLO-barvni-1-2048x507.jpg 2048w\" sizes=\"(max-width: 1024px) 100vw, 1024px\" \/><\/p>\n<p>&nbsp;<\/p>\n","protected":false},"excerpt":{"rendered":"<p>&#8220;SKUPAJ ZA VARNI JUTRI&#8221; je projekt sodelovanja petih slovenskih Lokalnih akcijskih skupin, ki je bil uspe\u0161no prijavljen na 5. javni razpis za podukrep 19.3 Priprava in izvajanje dejavnosti sodelovanja lokalne akcijske skupine Ministrstva za kmetijstvo, gozdarstvo in prehrano. \u00a0 \u00a0 Trajanje projekta:\u00a0oktober 2021 \u2013 junij 2023 Partnerji:\u00a0LAS Suhe krajine, Temenice in Krke, LAS Dolenjske in&hellip;<\/p>\n","protected":false},"author":2,"featured_media":0,"parent":3253,"menu_order":6,"comment_status":"closed","ping_status":"closed","template":"","meta":{"footnotes":""},"_links":{"self":[{"href":"https:\/\/www.las-stik.si\/programsko-obdobje-2014-2020\/wp-json\/wp\/v2\/pages\/3679"}],"collection":[{"href":"https:\/\/www.las-stik.si\/programsko-obdobje-2014-2020\/wp-json\/wp\/v2\/pages"}],"about":[{"href":"https:\/\/www.las-stik.si\/programsko-obdobje-2014-2020\/wp-json\/wp\/v2\/types\/page"}],"author":[{"embeddable":true,"href":"https:\/\/www.las-stik.si\/programsko-obdobje-2014-2020\/wp-json\/wp\/v2\/users\/2"}],"replies":[{"embeddable":true,"href":"https:\/\/www.las-stik.si\/programsko-obdobje-2014-2020\/wp-json\/wp\/v2\/comments?post=3679"}],"version-history":[{"count":0,"href":"https:\/\/www.las-stik.si\/programsko-obdobje-2014-2020\/wp-json\/wp\/v2\/pages\/3679\/revisions"}],"up":[{"embeddable":true,"href":"https:\/\/www.las-stik.si\/programsko-obdobje-2014-2020\/wp-json\/wp\/v2\/pages\/3253"}],"wp:attachment":[{"href":"https:\/\/www.las-stik.si\/programsko-obdobje-2014-2020\/wp-json\/wp\/v2\/media?parent=3679"}],"curies":[{"name":"wp","href":"https:\/\/api.w.org\/{rel}","templated":true}]}}